49
In base 15, what is -4d - 149c?
-14ea
In base 7, what is 52324 + 5?
52332
In base 9, what is -143408 + 6?
-143402
In base 6, what is -12 - 1434445?
-1434501
In base 4, what is -1332 + -2202?
-10200
In base 16, what is 19c + 2a?
1c6
In base 7, what is 1 - -546400?
546401
In base 6, what is 52 + -2031?
-1535
In base 3, what is -10100102202 - 2?
-10100102211
In base 13, what is -36944 - 3?
-36947
In base 7, what is 30536 + -35?
30501
In base 16, what is 977 + 3?
97a
In base 7, what is 31 + 2615?
2646
In base 2, what is 1011110000001010 + -10?
1011110000001000
In base 11, what is -5a6 - -25a?
-347
In base 7, what is 2161202 + -5?
2161164
In base 12, what is b17b - -1?
b180
In base 16, what is -2 + -78db?
-78dd
In base 10, what is 146582 + 10?
146592
In base 13, what is -4 + -82bb?
-82c2
In base 16, what is 5 + 12fab?
12fb0
In base 12, what is 236 + -49?
1a9
In base 6, what is -23 - 10300?
-10323
In base 11, what is -101a - -1?
-1019
In base 10, what is -658 - 223?
-881
In base 6, what is 1045034 + 1?
1045035
In base 6, what is -3 - -5224003?
5224000
In base 14, what is d0a2 + 12?
d0b4
In base 12, what is -3112 - -1a?
-30b4
In base 7, what is -10 - -2010324?
2010314
In base 6, what is -42 + -1014040?
-1014122
In base 13, what is 16 - 521?
-508
In base 4, what is -20212 - -311210?
230332
In base 12, what is -141a9 - 8?
-141b5
In base 13, what is -1588 + -90?
-1648
In base 7, what is -30064 + -110?
-30204
In base 16, what is 11 - 621?
-610
In base 6, what is 4 - 2203413?
-2203405
In base 7, what is -16 + 6415?
6366
In base 12, what is -3b16 + 0?
-3b16
In base 5, what is -214042042 + 10?
-214042032
In base 7, what is -3661 + 35?
-3623
In base 3, what is 11 + 1022100120?
1022100201
In base 9, what is 10 - 16257?
-16247
In base 5, what is -11330201 - -133?
-11330013
In base 9, what is -1400032 + -3?
-1400035
In base 15, what is -3 + -3186e?
-31872
In base 13, what is -2 + 51208?
51206
In base 2, what is 10111 + 111110101?
1000001100
In base 2, what is -101 - -1111011111?
1111011010
In base 2, what is 10010 + -10101100111011?
-10101100101001
In base 15, what is -3 + -1212?
-1215
In base 8, what is -10350 + -14?
-10364
In base 2, what is 10011000 - 10111111010011?
-10111100111011
In base 16, what is e4 - -294c?
2a30
In base 9, what is -38 - -120233?
120184
In base 7, what is 1 + -131333?
-131332
In base 6, what is 2132 - 33?
2055
In base 16, what is -1 + 756c?
756b
In base 4, what is 3211 + -1312?
1233
In base 8, what is 6 - 44247?
-44241
In base 8, what is 7031276 - 0?
7031276
In base 6, what is 30 + -102552?
-102522
In base 6, what is 2434242 + 11?
2434253
In base 11, what is 5 + 88764?
88769
In base 9, what is -33 - -6388?
6355
In base 10, what is -91819 - -7?
-91812
In base 7, what is 66353 + -3?
66350
In base 13, what is -97 + 5c?
-38
In base 3, what is 121111 - -102102?
1000220
In base 11, what is -146987 - 2?
-146989
In base 11, what is -20192 + 5?
-20188
In base 9, what is 8 - -130714?
130723
In base 11, what is 832 + -366?
477
In base 4, what is -11 + 2313022?
2313011
In base 9, what is 185 + -2674?
-2478
In base 16, what is 4 + 5026?
502a
In base 9, what is 253 + -228?
24
In base 13, what is -185c + 9?
-1853
In base 7, what is 314 - -5242?
5556
In base 15, what is -2c9a + c?
-2c8d
In base 12, what is 2 + -b906?
-b904
In base 8, what is -216265 + 3?
-216262
In base 4, what is 223320 + 13012?
302332
In base 14, what is -1c + -17d4?
-1812
In base 7, what is 3 + -1501131?
-1501125
In base 9, what is 8348 + 1?
8350
In base 12, what is -281 - -58ab?
562a
In base 8, what is -103 + -234?
-337
In base 9, what is 133 - 2800?
-2656
In base 5, what is -2400320 + -3?
-2400323
In base 9, what is -4307 + 104?
-4203
In base 2, what is -10 - -111100011001?
111100010111
In base 15, what is 111 + -1d?
e3
In base 14, what is -1195 - 24?
-11b9
In base 14, what is -c7 + 33bb?
32d4
In base 6, what is 52 + -110412?
-110320
In base 4, what is -221020 - 1211?
-222231
In base 2, what is 100 + 1100001001?
1100001101
In base 6, what is 1200 - 1051?
105
In base 3, what is 121022 + 1122?
122221
In base 15, what is -5 - 4c18?
-4c1d
In base 10, what is 3608731 - -2?
3608733
In base 13, what is -21c5 + -a6?
-229b
In base 15, what is d - -1337?
1345
In base 8, what is -4255 - -26?
-4227
In base 10, what is -4 - 98502?
-98506
In base 3, what is -2002021121 + -12?
-2002021210
In base 10, what is 104299 - -19?
104318
In base 8, what is 11 + 1147004?
1147015
In base 15, what is -542 + -9?
-54b
In base 9, what is 334 + -5018?
-4574
In base 5, what is -201 + -341003?
-341204
In base 2, what is -101111110010101 + 1101?
-101111110001000
In base 10, what is 42933 + 3?
42936
In base 9, what is 4582 - 512?
4070
In base 11, what is 4 + -135746?
-135742
In base 7, what is -50 - -23620?
23540
In base 12, what is -5 - 6764b?
-67654
In base 11, what is 10694a + 8?
106957
In base 14, what is 10577 - a?
1056b
In base 9, what is -1 - 30805?
-30806
In base 13, what is 2443 + 17?
245a
In base 8, what is -140 - 711?
-1051
In base 15, what is -13679 - -19?
-13660
In base 5, what is 3014041 - 12?
3014024
In base 7, what is 20 - 4004?
-3654
In base 7, what is -145 + -1624?
-2102
In base 2, what is -101 - -111111100000?
111111011011
In base 12, what is 3529 + 6?
3533
In base 4, what is -110 + 100332?
100222
In base 8, what is -1221 + 1520?
277
In base 13, what is -73 - 1200c?
-12082
In base 12, what is -1137 - -b7?
-1040
In base 7, what is -60115 + -210?
-60325
In base 12, what is -62 + -42a?
-490
In base 6, what is -105402210 + 1?
-105402205
In base 8, what is 26 + -504?
-456
In base 2, what is 10010010100011001110011 + -10?
10010010100011001110001
In base 14, what is 0 + -1a3d0?
-1a3d0
In base 11, what is 4 + 254?
258
In base 6, what is 14233554 - -21?
14234015
In base 10, what is -2 + 181281?
181279
In base 8, what is 4122 + 20?
4142
In base 16, what is -12e8 - -3?
-12e5
In base 13, what is 4 + -a111?
-a10a
In base 7, what is 4126 - 3252?
544
In base 7, what is -640 + 14?
-623
In base 6, what is -3 - 204241?
-204244
In base 13, what is -46 - -74b3?
746a
In base 12, what is -b9a - 26?
-1004
In base 7, what is -540 + 6?
-531
In base 13, what is 20861 + 3?
20864
In base 13, what is -4 + 3aa?
3a6
In base 12, what is 581 - -16a?
72b
In base 16, what is -6b + -70?
-db
In base 16, what is -b - -252?
247
In base 14, what is 4 - 1051b?
-10517
In base 3, what is -2010212 + 100000?
-1210212
In base 9, what is -11176 + 60?
-11116
In base 7, what is 102 + 2260?
2362
In base 6, what is 505020 + -134?
504442
In base 8, what is -13 - 26602?
-26615
In base 3, what is 2 - -10020211021?
10020211100
In base 14, what is 8 - -d4376?
d4380
In base 5, what is -2140313 - 4?
-2140322
In base 15, what is -a9 + 518?
45e
In base 9, what is -485430 - -5?
-485424
In base 6, what is 4 - -441?
445
In base 11, what is -124287 + 1?
-124286
In base 3, what is 12222 - 10221200?
-10201201
In base 2, what is 1101000110101100 + 11?
1101000110101111
In base 6, what is -212 - -3255?
3043
In base 15, what is cb + -2b9?
-1dd
In base 16, what is -4 + f03da?
f03d6
In base 12, what is -1007541 - 5?
-1007546
In base 16, what is 4ca - -b4?
57e
In base 14, what is 2 + 953dc?
95400
In base 2, what is 100111111111001 - -1?
100111111111010
In base 8, what is 261400 + -3?
261375
In base 13, what is -962 - 6?
-968
In base 11, what is -144a93 - 5?
-144a98
In base 6, what is -324325 - 10?
-324335
In base 11, what is 9 - 1309?
-1300
In base 12, what is 182 - -65?
227
In base 3, what is 2011120 - 11011?
2000102
In base 2, what is -1000001010101 + -1011101?
-1000010110010
In base 7, what is 5 - -2115145?
2115153
In base 6, what is 22 + -115012?
-114550
In base 11, what is -95889 - -3?
-95886
In base 14, what is -4 + 31066?
31062
In base 8, what is -3023 + -12?
-3035
In base 3, what is -1 - 1211122202?
-1211122210
In base 6, what is 1212 + -211?
1001
In base 14, what is 292 - 2d?
263
In base 16, what is -a8b - -3be?
-6cd
In base 8, what is 34560 + -17?
34541
In base 14, what is 4 - -1cc2b?
1cc31
In base 8, what is 3 - -3636007?
3636012
In base 3, what is 11 + -10202002?
-10201221
In base 5, what is 2 + -3331430?
-3331423
In base 15, what is 9e + -32?
6c
In base 14, what is 2 - -7dd3?
7dd5
In base 16, what is -a + -a83?
-a8d
In base 15, what is 55 - c10?
